**2 + 2*f**2. Let p(z) = 3*j(z) + s(z). Let k(v) = -v**2 + 2*v + 16. Let r be k(5). Give p(r).
-1
Let h(o) be the third derivative of o**6/120 + o**5/12 + 5*o**4/24 + 7*o**3/6 - 378*o**2. Determine h(-3).
10
Let q(j) be the first derivative of 6 - 4/3*j**3 + 2*j**2 + 1/4*j**4 + j. Let i be ((-1)/(-2))/(5/30). What is q(i)?
4
Let f = -113 + 97. Let k(d) = d**3 + 14*d**2 - 33*d - 17. Let j be k(f). Let u(i) = 10*i**2. Give u(j).
10
Let t = -4 + 3. Let l(q) = -q**3 - q**2 - 2*q - 1. Calculate l(t).
1
Let d(t) = 5*t + 2 - 4*t - 1. Let p = -107 - -106. Determine d(p).
0
Let h(c) = c**2. Let m(k) = 2*k**2 - k - 4. Let a(v) = h(v) - m(v). Determine a(0).
4
Let u(v) = -8*v - 69*v**2 + 68*v**2 + 4 + 2. Let i be u(-8). Let y(c) = c**2 - 6*c + 4. Give y(i).
4
Let q be (-146)/(-2)*(-1)/(-1). Let o = q - 77. Let z(c) be the third derivative of c**4/12 + 2*c**3/3 - c**2. Determine z(o).
-4
Let a be 1/(-2) + (-10)/(-4). Let x(y) = -2*y**a + 3*y**2 + y - 7*y + 3 + 0*y. Determine x(5).
-2
Let t(b) = 5*b**2 + 4*b - 5. Let s(d) = -10*d**2 - 9*d + 11. Let h(g) = -4*s(g) - 9*t(g). Suppose -3*a + 12 = 3*k, -4*a + 8*k = 6*k + 14. What is h(a)?
-4
Let r(g) = -3*g - 9. Let o(c) = -7*c - 19. Let n(v) = -4*o(v) + 9*r(v). Calculate n(4).
-1
Suppose -a + 20 = -5*r, 4*a - 18 = -3*r - 7. Let l(p) = p**3 + 4*p**2 + p + 1. Calculate l(r).
7
Let u(c) = c**3 + c**2 + c - 2. Let d = 25 - 19. Suppose l = d*l. Give u(l).
-2
Let l(d) = d**2 - d + 1. Let v(h) = -8*h**2 - 11*h - 34. Let z(r) = 4*r**2 + 6*r + 18. Let w(p) = -6*v(p) - 11*z(p). Let u(x) = 3*l(x) - w(x). Determine u(-4).
-7
Let y(g) = 8*g**2 - 37 + 17 - 2*g + 18 + 2*g - 3*g. Give y(-2).
36
Let o = -18 - -19. Let z(v) = -5 - 2*v + o - 2*v + v. Calculate z(-6).
14
Let x(t) = -6*t**2 + 7*t + 1. Let q(n) = -4*n**2 + 4*n + 1. Let p(r) = 5*q(r) - 3*x(r). Calculate p(-2).
-4
Let b(g) = 2 - 2*g + g**2 + 0*g**2 + 0 + 0*g - 15. Calculate b(5).
2
Let b(t) = -2*t + 3. Let n(y) = 3*y - 5. Let f(s) = 7*b(s) + 5*n(s). Let w = -70 + 72. Let c be w*(-45)/20*(-2)/3. Determine f(c).
-1
Let x(m) be the third derivative of -m**5/60 - m**4/4 - m**3/6 + m**2 - 24*m. Let b = 3 - 1. Let v = b - 7. Give x(v).
4
Let r(q) = -25*q**2 + 23*q**2 + 4 + 48*q - 53*q. Give r(3).
-29
Let c(a) = 2*a + 1. Let r be c(1). Suppose r*b + 10 = 5*b. Let o(s) = 3 - 2 + 0*s - b*s - s**2 + 3*s. Calculate o(2).
-7
Let y = 3 + -2. Let b(m) be the third derivative of -m**5/30 + m**4/24 + 18*m**2 + 53*m. Give b(y).
-1
Suppose 0 = p - 2 - 0. Let w(i) = -19*i**3 + 2*i**2 + 3*i. Let m be w(-1). Let u(f) = 19 - m + 2*f**2 - f + 0*f**2. Determine u(p).
7
Let w be (-32)/2 - (100 + -108). Let p(o) = -o**3 - 7*o**2 + 10*o + 14. Give p(w).
-2
Let r(x) = -x**3 + 7*x**2 - 2*x - 10. Let j be r(6). Let n = 10 - j. Let q(t) = -t**3 - 3*t**2 + t - 4. Calculate q(n).
8
Let z(r) = -r**2 + 7*r - 1. Let g be 7 + -4 - (-2 + -1). Suppose 14 = -g*h + 44. Calculate z(h).
9
Let b be 7 - -8 - (-2 + 2). Let i(o) = 10 - b*o + 29*o - 13*o. Suppose 0 = -4*v + 6*v. Give i(v).
10
Let b(l) = -7*l**2 + 9*l - 12 + 35 - 21 + l**3 - 21. What is b(6)?
-1
Let c be (-8)/(-12)*18/4. Suppose -t - 8 = -5*x, -c*t + 47 = 4*x + 14. Let d(p) be the third derivative of -p**4/24 + 2*p**3/3 + 5*p**2. Determine d(t).
-3
Let g = -1 - 0. Let y(n) be the third derivative of 0 + 1/8*n**4 - 13*n**2 + 1/6*n**3 + 0*n. What is y(g)?
-2
Suppose -2*z - 16*q - 2 = -19*q, -5 = 5*z - q. Let s(w) = -34*w + 11. Let y(c) = 7*c - 2. Let u(n) = 6*s(n) + 33*y(n). What is u(z)?
-27
Let t be 6/4 - (-80)/32. Let y(w) = -2*w + 6*w - 2 - 3*w. Give y(t).
2
Let b(d) = d**3 - 7*d**2 - 16*d - 6. Let j = 242 + -233. Determine b(j).
12
Let h(z) be the first derivative of -1/4*z**4 + 2*z**2 + 0*z - 4 + z**3. Suppose 6 = l - 3*m, -7 + 27 = 5*l - 5*m. Determine h(l).
12
Let z(s) be the third derivative of s**9/60480 - s**8/6720 - s**7/1260 + s**6/144 - 4*s**5/15 - 2*s**2. Let g(i) be the third derivative of z(i). Give g(4).
5
Let f(d) = 222 - 222 + 3*d. What is f(6)?
18
Let q be 16 + -7 - 2/2. Let r = 0 + q. Let n(g) be the first derivative of g**3/3 - 5*g**2 + 12*g + 2. Determine n(r).
-4
Let k(y) be the third derivative of 2/3*y**3 - 26*y**2 + 0*y - 1/8*y**4 + 0 - 1/60*y**5. Determine k(-3).
4
Let d(q) be the third derivative of -q**7/504 + q**6/720 + 2*q**5/15 - 3*q**2. Let o(y) be the third derivative of d(y). Let n = 2 - 1. Give o(n).
-9
Let z(f) = f**3 + 4*f**2 - 6*f - 2. Let k(r) = -5*r + 40. Let c be k(9). Determine z(c).
3
Suppose 6 = 986*x - 983*x. Let y(c) = 6*c - 11. What is y(x)?
1
Let i(x) = -x**2 + 2. Let g be i(0). Let j(a) be the first derivative of a**2 + 3 - g + 2 + 2*a. What is j(-4)?
-6
Let h = -68 + 75. Let m(s) = 25 + s**2 + h*s + 0*s - 34. Calculate m(-8).
-1
Let n(p) = 7*p**3 + 6*p**2 - 6*p + 5. Let m(u) = -u**3 - u**2 + u - 1. Let w(t) = 6*m(t) + n(t). Suppose 8 = 20*o - 16*o. Determine w(o).
7
Suppose 2*u - 6 = -4*u. Let d(g) = 13*g**3 - u - g - 5*g - 2*g**2 + 8*g. Give d(1).
12
Let l(b) = -40 - 24 - 3*b + 108 - b - 33. Determine l(0).
11
Let m(j) = -4 + j - 10 + 27 - 7 - 3. Give m(-8).
-5
Let u(x) = -x**3 + 24*x**2 - 33*x**2 - 5*x - 5 - 3*x. Let c = -88 + 80. What is u(c)?
-5
Let t(d) = -d**2 + 11*d + 14. Let f be t(12). Let r(s) = s**3 + 4*s**2 - 3*s. Give r(f).
18
Let t(b) = b**3 - 4*b**2 + 3*b - 3. Let j(z) = 5*z. Let k be j(6). Let q be k/4*(-8)/(-20). Calculate t(q).
-3
Suppose -2*g - 4*u - 2 = 0, 2 = -4*g + 5*g + 5*u. Let f = g - -7. Let q(r) = -6*r + f*r**2 - r - r**3 + 0*r**3 + 5 + r**2. Determine q(4).
-7
Let i be -10 - (0 - 3)*1. Let d = -5 - i. Let m(c) = 8 - c**2 - 5*c**d + c**3 - 15*c + 15*c. Calculate m(6).
8
Let r(f) = f - 1. Let z(l) = -11*l + 4. Let h be 5 + -4 - -2 - -2. Let i(d) = h*r(d) + z(d). What is i(2)?
-13
Let s be (-2660)/(-18) + 24/108. Let x = -145 + s. Let m(g) = -g**3 + 2*g**2 + g + 2. Give m(x).
-4
Let n(g) = 18*g**3 + g**2 + 2*g + 2. Suppose 0 = 3*x + 5*w + 3, -5*x + 2*w = 50 - 45. Give n(x).
-17
Let j(r) = r. Let v = -211 + 214. Determine j(v).
3
Let x(v) be the second derivative of -v**4/4 - 7*v**3/3 - 7*v**2/2 + 290*v. What is x(-5)?
-12
Let c(v) = v**3 - v**2 - 2*v + 2. Let l(x) = -x**3 + 17*x**2 - 15*x - 24. Let s be l(16). Let z(m) = m**3 + 9*m**2 + 7*m - 5. Let o be z(s). Determine c(o).
14
Let t(w) = -2*w + 26. Let q be t(11). Let h be -1 - (0 - -3 - q). Let r(k) = -k + 10. Give r(h).
10
Let i = 2 - -1. Let r(l) = 12*l + 4. Let w(d) = 4*d + 1. Let t(x) = -2*r(x) + 7*w(x). Let h(o) = 5*o. Let n(g) = 3*h(g) - 4*t(g). Give n(i).
1
Suppose -54 = -2*w + 10. Suppose -w = -5*d - 12. Let n(p) = -p**3 + 5*p**2 - 4*p - 2. Determine n(d).
-2
Let q(g) = -5*g**2 + g + 1. Let c be q(-1). Let i(j) = -6*j**3 + j**2 + j. Let h(v) = 11*v**3 - 7*v**2 - v. Let r(p) = h(p) + 2*i(p). Calculate r(c).
-5
Let r(m) = -m**3 - 6*m**2 + 5*m + 12. Let z(o) = o**3 + 6*o**2 - 4*o - 11. Let p(d) = -2*r(d) - 3*z(d). Suppose -3 - 3 = n. Determine p(n).
-3
Let w(g) be the first derivative of g**4/4 - 4*g**3/3 - 2*g**2 + 7*g + 101. What is w(5)?
12
Let w(a) = -a + 2. Let y(s) = s - 2. Suppose 2*q + 2 + 17 = 3*p, p = 4*q + 23. Let x(o) = q*y(o) - 4*w(o). Suppose -z + 4*v = -5*z + 12, -3 = v. Give x(z).
-4
Suppose -3*s - 4 = -4*s. Let q be (2/s)/(4/8). Let a(n) = -7*n**3 - 2*n**2 + 1. Determine a(q).
-8
Let o(v) be the first derivative of v**2 - v + 120. Give o(-1).
-3
Let a = 2 + 2. Suppose -a*d + 25 = d. Let c(r) = r - 3. What is c(d)?
2
Suppose -4*z - 3 = -7. Let a(d) = -11*d**3 + 4*d**3 - 4*d**3 - 2 + 0 + 1. Determine a(z).
-12
Let f(k) = k + 8. Let u(x) = -2*x**2 + 11*x - 31. Let o be u(3). What is f(o)?
-8
Let s(a) = -20*a**2 + a - 4. Let m(l) = 37*l**2 - 2*l + 7. Let y(d) = 6*m(d) + 11*s(d). What is y(-1)?
1
Let f be 10/4*6/5. Let l(v) = f*v**2 + 3*v**2 + 2*v**3 - 3*v**3 - 7 + 2*v. Let m(x) = -2*x + 108. Let d be m(51). Calculate l(d).
5
Let s = -318 - -577. Let v(j) = 258*j - 4 + 0 - s*j. Give v(-4).
0
Let x be (0 + 25)*22/(-55). Let z be (-86)/x - (-10)/25. Let y(h) = 0*h - h**3 - z + h + 10. Calculate y(0).
1
Let b(a) be the first derivative of 1 + 1/3*a**3 - 8*a + a**2. Let l(m) = -m**2 - 17*m - 76. Let h be l(-7). Determine b(h).
16
Let r(d) be the second derivative of -d**4/6 - 2*d**3/3 + d**2/2 + 3*d. Suppose 22*v = 21*v - 3. What is r(v)?
-5
Let u(h) be the second derivative of -h**4/12 + h**2/2 + 728*h